rime?
True
Is 85679 composite?
True
Is 56159 a composite number?
True
Is 43097 a composite number?
True
Is 37117 prime?
True
Is 191779 composite?
True
Is 11249 a prime number?
False
Is 2287 a composite number?
False
Is 443035 a composite number?
True
Is 125143 composite?
True
Is 3841197 prime?
False
Is 993367 a prime number?
True
Is 56755 prime?
False
Is 1313797 composite?
False
Is 152759 a composite number?
True
Is 395099 composite?
True
Is 7971 a prime number?
False
Is 19835 prime?
False
Is 394177 a composite number?
True
Is 84243 composite?
True
Is 76249 composite?
False
Is 31133 composite?
True
Is 16547 a composite number?
False
Is 131101 prime?
True
Is 980827 composite?
False
Is 159563 prime?
True
Is 1246181 prime?
True
Is 1780001 prime?
True
Is 1656187 a prime number?
False
Is 55511 composite?
False
Is 29077 a prime number?
True
Is 5623 composite?
False
Is 14219 a composite number?
True
Is 96961 a prime number?
False
Is 66499 a prime number?
True
Is 35795 a composite number?
True
Is 205619 prime?
True
Is 1539011 a prime number?
True
Is 16057 composite?
False
Is 1133629 prime?
False
Is 102251 a prime number?
True
Is 996979 composite?
False
Is 34667 prime?
True
Is 27533 a composite number?
True
Is 12667 a composite number?
True
Is 48562 a prime number?
False
Is 25031 composite?
False
Is 272093 a composite number?
False
Is 31469 a composite number?
False
Is 78703 a prime number?
False
Is 12323 prime?
True
Is 25609 a composite number?
False
Is 44053 composite?
False
Is 78017 prime?
True
Is 2819 composite?
False
Is 178073 a composite number?
True
Is 40771 prime?
True
Is 9197 a prime number?
False
Is 561263 a composite number?
True
Is 212469 a prime number?
False
Is 27718 prime?
False
Is 60519 composite?
True
Is 2614863 composite?
True
Is 7621 a composite number?
False
Is 29411 prime?
True
Is 6613 prime?
False
Is 13841 a composite number?
False
Is 3453 a prime number?
False
Is 12841 a prime number?
True
Is 292571 a prime number?
False
Is 16811 prime?
True
Is 130957 a composite number?
False
Is 3664799 composite?
False
Is 627709 a prime number?
True
Is 21781 prime?
False
Is 23915 a prime number?
False
Is 17291 composite?
False
Is 64793 prime?
True
Is 262853 a prime number?
True
Is 50989 a prime number?
True
Is 14237 a composite number?
True
Is 1328861 prime?
True
Is 66739 prime?
True
Is 29083 composite?
True
Is 10211 a prime number?
True
Is 158227 a prime number?
True
Is 818215 prime?
False
Is 75079 a composite number?
False
Is 6085 a prime number?
False
Is 332393 prime?
True
Is 3874315 composite?
True
Is 11887 prime?
True
Is 25079 a composite number?
True
Is 402689 a composite number?
True
Is 1389961 a composite number?
False
Is 4031 a composite number?
True
Is 22639 composite?
False
Is 62113 a composite number?
True
Is 71693 prime?
True
Is 1757 a prime number?
False
Is 45161 prime?
True
Is 13105 composite?
True
Is 7901 a prime number?
True
Is 309017 composite?
True
Is 40253 prime?
True
Is 3389 a prime number?
True
Is 1259 a composite number?
False
Is 1031542 a composite number?
True
Is 9731 prime?
False
Is 30026 prime?
False
Is 165587 a composite number?
False
Is 330899 prime?
True
Is 937 a composite number?
False
Is 20959 composite?
False
Is 19661 a prime number?
True
Is 87613 composite?
False
Is 453751 composite?
True
Is 141881 a prime number?
False
Is 46597 composite?
True
Is 25841 a composite number?
False
Is 77137 composite?
False
Is 2941385 a prime number?
False
Is 117911 prime?
True
Is 143 composite?
True
Is 132817 composite?
False
Is 171295 prime?
False
Is 208859 prime?
False
Is 1931 composite?
False
Is 815 a composite number?
True
Is 42593 prime?
False
Is 2643479 a composite number?
False
Is 1366771 a prime number?
False
Is 156109 a prime number?
True
Is 555403 composite?
True
Is 53549 a prime number?
True
Is 12391 a composite number?
False
Is 29459 a prime number?
False
Is 2266939 composite?
True
Is 187 a prime number?
False
Is 2384461 a composite number?
False
Is 20131 a composite number?
True
Is 8263 a composite number?
False
Is 49891 a composite number?
False
Is 3433 a composite number?
False
Is 359089 a prime number?
False
Is 451 prime?
False
Is 188607 composite?
True
Is 59057 prime?
False
Is 41153 a prime number?
False
Is 2999221 a prime number?
False
Is 260771 prime?
False
Is 3737 a prime number?
False
Is 61613 a composite number?
False
Is 30971 composite?
False
Is 1201 a prime number?
True
Is 244097 a composite number?
True
Is 309487 a composite number?
True
Is 38899 a composite number?
True
Is 142183 prime?
True
Is 24793 composite?
False
Is 207811 a composite number?
False
Is 17657 a composite number?
False
Is 25663 a prime number?
False
Is 119041 a prime number?
False
Is 1581649 composite?
False
Is 580141 prime?
False
Is 6089 prime?
True
Is 84649 a composite number?
False
Is 2650817 a composite number?
True
Is 14177 a prime number?
True
Is 42323 a prime number?
True
Is 154723 composite?
False
Is 7901 composite?
False
Is 23097 composite?
True
Is 23918 a prime number?
False
Is 1061 a composite number?
False
Is 1937 prime?
False
Is 314485 prime?
False
Is 7709 composite?
True
Is 80111 a prime number?
True
Is 996599 a prime number?
True
Is 234218 a prime number?
False
Is 136499 a prime number?
False
Is 21647 a composite number?
False
Is 2952481 prime?
False
Is 9 prime?
False
Is 3287 prime?
False
Is 7919 a composite number?
False
Is 21661 a prime number?
True
Is 84691 prime?
True
Is 67909 a composite number?
True
Is 15187 a prime number?
True
Is 325073 a composite number?
True
Is 30869 a composite number?
False
Is 156801 a composite number?
True
Is 33431 prime?
False
Is 1361 composite?
False
Is 395 prime?
False
Is 2537 a composite number?
True
Is 5131 a composite number?
True
Is 30223 composite?
False
Is 32831 a composite number?
False
Is 8419 composite?
False
Is 47077 composite?
True
Is 517 a composite number?
True
Is 36433 a prime number?
True
Is 11209 a composite number?
True
Is 589141 prime?
False
Is 32479 a composite number?
False
Is 9937 a prime number?
False
Is 202577 a prime number?
True
Is 165437 prime?
True
Is 203386 a composite number?
True
Is 934223 a composite number?
False
Is 4109169 a composite number?
True
Is 1747 a composite number?
False
Is 13261 composite?
True
Is 52489 prime?
True
Is 8603 composite?
True
Is 3017 a prime number?
False
Is 111955 a composite number?
True
Is 9103 a prime number?
True
Is 722009 a prime number?
False
Is 355 prime?
False
Is 17915 composite?
True
Is 46623 composite?
True
Is 62039 a composite number?
False
Is 2777 composite?
False
Is 2741 prime?
True
Is 17481 composite?
True
Is 15133 prime?
False
Is 25793 a composite number?
False
Is 12307 a composite number?
True
Is 961 composite?
True
Is 310001 composite?
True
Is 80159 a composite number?
True
Is 1475183 composite?
True
Is 76079 a prime number?
True
Is 235929 prime?
False
Is 22391 a composite number?
False
Is 11311 a composite number?
False
Is 1851217 a composite number?
False
Is 112713 a composite number?
True
Is 32731 composite?
True
Is 9442 composite?
True
Is 510009 a prime number?
False
Is 21403 a composite number?
True
Is 56779 composite?
False
Is 10451 a composite number?
True
Is 7741 prime?
True
Is 53471 a prime number?
False
Is 106 composite?
True
Is 38113 prime?
True
Is 168529 a composite number?
True
Is 49319 composite?
True
Is 3755 a prime number?
False
Is 1133 prime?
False
Is 4366621 a composite number?
True
Is 6511 composite?
True
Is 134711 a prime number?
False
Is 71629 composite?
True
Is 6595 a composite number?
True
Is 117277 a composite number?
True
Is 31523 prime?
False
Is 10493 a prime number?
False
Is 871 composite?
True
Is 9781 a composite number?
False
Is 9173 prime?
True
Is 59497 a prime number?
True
Is 18661 a composite number?
False
Is 8813 a prime number?
False
Is 7207 a prime number?
True
Is 631 a composite number?
False
Is 894019 a prime number?
False
Is 594023 a prime number?
True
Is 409007 a composite number?
False
Is 341 a composite number?
True
Is 208099 composite?
False
Is 6049 composite?
True
Is 16361 prime?
True
Is 148691 prime?
True
Is 280751 a prime number?
True
Is 157733 composite?
False
Is 5331 prime?
False
Is 19531 composite?
False
Is 35251 prime?
True
Is 16603 a prime number?
True
Is 6440